{"id":622,"date":"2011-05-01T18:07:39","date_gmt":"2011-05-01T16:07:39","guid":{"rendered":"http:\/\/www.mateub.com\/le-blog-des-grosses-bites\/?page_id=622"},"modified":"2018-11-14T21:08:44","modified_gmt":"2018-11-14T19:08:44","slug":"ejacs-faciales","status":"publish","type":"page","link":"http:\/\/www.mateub.com\/le-blog-des-grosses-bites\/ejacs-faciales\/","title":{"rendered":"Ejacs faciales"},"content":{"rendered":"<p>De belles \u00e9jacs faciales avec des minets gays qui se l\u00e8chent la bite et s&rsquo;enculent sans tabou et sans capote, des vrais athl\u00e8tes du sexe. Des grosses jets de sperme avec des jeunes acteurs qui aiment \u00e7a. Les vid\u00e9os sont id\u00e9ales pour un plan branle avec du <a href=\"https:\/\/www.sexeshopgay.com\/poppers_super_rush_black_label_10_ml-p.html\" rel=\"noopener\" target=\"_blank\">poppers puissant pour grosse chienne<\/a> ou se chauffer la queue avant un plan cul. Les amateurs de films bareback appr\u00e9cieront le foutre en abondance dans les sc\u00e8nes o\u00f9 les mecs jouissent ..n&rsquo;oubliez pas sortez couvert .<\/p>\n<div align=\"center\"><iframe loading=\"lazy\" frameborder=\"0\" scrolling=\"No\" src=\"http:\/\/teub.gayxperience.com\/index.php\/c_77\/module_client_pornofolies_accueil\/\/id_38483\/cs_teub\/t_MB\/langue_fr\/hd_1\/catcher_1\/mes_1\/inlinecgu_\/\" rel=\"nofollow\" width=\"700\" height=\"7300\" ><\/iframe><\/div>\n","protected":false},"excerpt":{"rendered":"<p>De belles \u00e9jacs faciales avec des minets gays qui se l\u00e8chent la bite et s&rsquo;enculent sans tabou et sans capote, des vrais athl\u00e8tes du sexe. Des grosses jets de sperme avec des jeunes acteurs qui aiment \u00e7a. Les vid\u00e9os sont id\u00e9ales pour un plan branle avec du poppers puissant pour grosse chienne ou se chauffer &hellip; <\/p>\n<p class=\"link-more\"><a href=\"http:\/\/www.mateub.com\/le-blog-des-grosses-bites\/ejacs-faciales\/\" class=\"more-link\">Continuer la lecture <span class=\"screen-reader-text\"> \u00ab\u00a0Ejacs faciales\u00a0\u00bb<\/span><\/a><\/p>\n","protected":false},"author":4,"featured_media":0,"parent":0,"menu_order":3,"comment_status":"closed","ping_status":"closed","template":"","meta":{"footnotes":""},"class_list":["post-622","page","type-page","status-publish","hentry","entry"],"yoast_head":"<!-- This site is optimized with the Yoast SEO plugin v27.3 - https:\/\/yoast.com\/product\/yoast-seo-wordpress\/ -->\n<title>Ejacs faciales | Le blog photos des grosses bites sur Ma teub<\/title>\n<meta name=\"robots\" content=\"index, follow, max-snippet:-1, max-image-preview:large, max-video-preview:-1\" \/>\n<link rel=\"canonical\" href=\"http:\/\/www.mateub.com\/le-blog-des-grosses-bites\/ejacs-faciales\/\" \/>\n<meta property=\"og:locale\" content=\"fr_FR\" \/>\n<meta property=\"og:type\" content=\"article\" \/>\n<meta property=\"og:title\" content=\"Ejacs faciales | Le blog photos des grosses bites sur Ma teub\" \/>\n<meta property=\"og:description\" content=\"De belles \u00e9jacs faciales avec des minets gays qui se l\u00e8chent la bite et s&rsquo;enculent sans tabou et sans capote, des vrais athl\u00e8tes du sexe. Des grosses jets de sperme avec des jeunes acteurs qui aiment \u00e7a. Les vid\u00e9os sont id\u00e9ales pour un plan branle avec du poppers puissant pour grosse chienne ou se chauffer &hellip; Continuer la lecture \u00ab\u00a0Ejacs faciales\u00a0\u00bb\" \/>\n<meta property=\"og:url\" content=\"http:\/\/www.mateub.com\/le-blog-des-grosses-bites\/ejacs-faciales\/\" \/>\n<meta property=\"og:site_name\" content=\"Le blog photos des grosses bites sur Ma teub\" \/>\n<meta property=\"article:modified_time\" content=\"2018-11-14T19:08:44+00:00\" \/>\n<meta name=\"twitter:card\" content=\"summary_large_image\" \/>\n<script type=\"application\/ld+json\" class=\"yoast-schema-graph\">{\"@context\":\"https:\\\/\\\/schema.org\",\"@graph\":[{\"@type\":\"WebPage\",\"@id\":\"http:\\\/\\\/www.mateub.com\\\/le-blog-des-grosses-bites\\\/ejacs-faciales\\\/\",\"url\":\"http:\\\/\\\/www.mateub.com\\\/le-blog-des-grosses-bites\\\/ejacs-faciales\\\/\",\"name\":\"Ejacs faciales | Le blog photos des grosses bites sur Ma teub\",\"isPartOf\":{\"@id\":\"http:\\\/\\\/www.mateub.com\\\/le-blog-des-grosses-bites\\\/#website\"},\"datePublished\":\"2011-05-01T16:07:39+00:00\",\"dateModified\":\"2018-11-14T19:08:44+00:00\",\"breadcrumb\":{\"@id\":\"http:\\\/\\\/www.mateub.com\\\/le-blog-des-grosses-bites\\\/ejacs-faciales\\\/#breadcrumb\"},\"inLanguage\":\"fr-FR\",\"potentialAction\":[{\"@type\":\"ReadAction\",\"target\":[\"http:\\\/\\\/www.mateub.com\\\/le-blog-des-grosses-bites\\\/ejacs-faciales\\\/\"]}]},{\"@type\":\"BreadcrumbList\",\"@id\":\"http:\\\/\\\/www.mateub.com\\\/le-blog-des-grosses-bites\\\/ejacs-faciales\\\/#breadcrumb\",\"itemListElement\":[{\"@type\":\"ListItem\",\"position\":1,\"name\":\"Accueil\",\"item\":\"http:\\\/\\\/www.mateub.com\\\/le-blog-des-grosses-bites\\\/\"},{\"@type\":\"ListItem\",\"position\":2,\"name\":\"Ejacs faciales\"}]},{\"@type\":\"WebSite\",\"@id\":\"http:\\\/\\\/www.mateub.com\\\/le-blog-des-grosses-bites\\\/#website\",\"url\":\"http:\\\/\\\/www.mateub.com\\\/le-blog-des-grosses-bites\\\/\",\"name\":\"Le blog photos des grosses bites sur Ma teub\",\"description\":\"Des gars nus sans complexes et sans pudeurs qui posent \u00e0 poils devant des photographes, la teub au repos ou en \u00e9rection\",\"potentialAction\":[{\"@type\":\"SearchAction\",\"target\":{\"@type\":\"EntryPoint\",\"urlTemplate\":\"http:\\\/\\\/www.mateub.com\\\/le-blog-des-grosses-bites\\\/?s={search_term_string}\"},\"query-input\":{\"@type\":\"PropertyValueSpecification\",\"valueRequired\":true,\"valueName\":\"search_term_string\"}}],\"inLanguage\":\"fr-FR\"}]}<\/script>\n<!-- \/ Yoast SEO plugin. -->","yoast_head_json":{"title":"Ejacs faciales | Le blog photos des grosses bites sur Ma teub","robots":{"index":"index","follow":"follow","max-snippet":"max-snippet:-1","max-image-preview":"max-image-preview:large","max-video-preview":"max-video-preview:-1"},"canonical":"http:\/\/www.mateub.com\/le-blog-des-grosses-bites\/ejacs-faciales\/","og_locale":"fr_FR","og_type":"article","og_title":"Ejacs faciales | Le blog photos des grosses bites sur Ma teub","og_description":"De belles \u00e9jacs faciales avec des minets gays qui se l\u00e8chent la bite et s&rsquo;enculent sans tabou et sans capote, des vrais athl\u00e8tes du sexe. Des grosses jets de sperme avec des jeunes acteurs qui aiment \u00e7a. Les vid\u00e9os sont id\u00e9ales pour un plan branle avec du poppers puissant pour grosse chienne ou se chauffer &hellip; Continuer la lecture \u00ab\u00a0Ejacs faciales\u00a0\u00bb","og_url":"http:\/\/www.mateub.com\/le-blog-des-grosses-bites\/ejacs-faciales\/","og_site_name":"Le blog photos des grosses bites sur Ma teub","article_modified_time":"2018-11-14T19:08:44+00:00","twitter_card":"summary_large_image","schema":{"@context":"https:\/\/schema.org","@graph":[{"@type":"WebPage","@id":"http:\/\/www.mateub.com\/le-blog-des-grosses-bites\/ejacs-faciales\/","url":"http:\/\/www.mateub.com\/le-blog-des-grosses-bites\/ejacs-faciales\/","name":"Ejacs faciales | Le blog photos des grosses bites sur Ma teub","isPartOf":{"@id":"http:\/\/www.mateub.com\/le-blog-des-grosses-bites\/#website"},"datePublished":"2011-05-01T16:07:39+00:00","dateModified":"2018-11-14T19:08:44+00:00","breadcrumb":{"@id":"http:\/\/www.mateub.com\/le-blog-des-grosses-bites\/ejacs-faciales\/#breadcrumb"},"inLanguage":"fr-FR","potentialAction":[{"@type":"ReadAction","target":["http:\/\/www.mateub.com\/le-blog-des-grosses-bites\/ejacs-faciales\/"]}]},{"@type":"BreadcrumbList","@id":"http:\/\/www.mateub.com\/le-blog-des-grosses-bites\/ejacs-faciales\/#breadcrumb","itemListElement":[{"@type":"ListItem","position":1,"name":"Accueil","item":"http:\/\/www.mateub.com\/le-blog-des-grosses-bites\/"},{"@type":"ListItem","position":2,"name":"Ejacs faciales"}]},{"@type":"WebSite","@id":"http:\/\/www.mateub.com\/le-blog-des-grosses-bites\/#website","url":"http:\/\/www.mateub.com\/le-blog-des-grosses-bites\/","name":"Le blog photos des grosses bites sur Ma teub","description":"Des gars nus sans complexes et sans pudeurs qui posent \u00e0 poils devant des photographes, la teub au repos ou en \u00e9rection","potentialAction":[{"@type":"SearchAction","target":{"@type":"EntryPoint","urlTemplate":"http:\/\/www.mateub.com\/le-blog-des-grosses-bites\/?s={search_term_string}"},"query-input":{"@type":"PropertyValueSpecification","valueRequired":true,"valueName":"search_term_string"}}],"inLanguage":"fr-FR"}]}},"_links":{"self":[{"href":"http:\/\/www.mateub.com\/le-blog-des-grosses-bites\/wp-json\/wp\/v2\/pages\/622","targetHints":{"allow":["GET"]}}],"collection":[{"href":"http:\/\/www.mateub.com\/le-blog-des-grosses-bites\/wp-json\/wp\/v2\/pages"}],"about":[{"href":"http:\/\/www.mateub.com\/le-blog-des-grosses-bites\/wp-json\/wp\/v2\/types\/page"}],"author":[{"embeddable":true,"href":"http:\/\/www.mateub.com\/le-blog-des-grosses-bites\/wp-json\/wp\/v2\/users\/4"}],"replies":[{"embeddable":true,"href":"http:\/\/www.mateub.com\/le-blog-des-grosses-bites\/wp-json\/wp\/v2\/comments?post=622"}],"version-history":[{"count":2,"href":"http:\/\/www.mateub.com\/le-blog-des-grosses-bites\/wp-json\/wp\/v2\/pages\/622\/revisions"}],"predecessor-version":[{"id":6994,"href":"http:\/\/www.mateub.com\/le-blog-des-grosses-bites\/wp-json\/wp\/v2\/pages\/622\/revisions\/6994"}],"wp:attachment":[{"href":"http:\/\/www.mateub.com\/le-blog-des-grosses-bites\/wp-json\/wp\/v2\/media?parent=622"}],"curies":[{"name":"wp","href":"https:\/\/api.w.org\/{rel}","templated":true}]}}